What is the hundreds digit of 31253?
2
What is the units digit of 8196?
6
What is the ten thousands digit of 37118?
3
What is the hundreds digit of 1229?
2
What is the units digit of 834?
4
What is the units digit of 13038?
8
What is the thousands digit of 6447?
6
What is the hundreds digit of 7337?
3
What is the tens digit of 75184?
8
What is the ten thousands digit of 96651?
9
What is the hundreds digit of 9067?
0
What is the units digit of 57?
7
What is the tens digit of 603?
0
What is the units digit of 1182?
2
What is the thousands digit of 23730?
3
What is the hundreds digit of 3530?
5
What is the units digit of 225?
5
What is the ten thousands digit of 15620?
1
What is the ten thousands digit of 14015?
1
What is the units digit of 4419?
9
What is the units digit of 30963?
3
What is the units digit of 7262?
2
What is the thousands digit of 23918?
3
What is the hundreds digit of 233?
2
What is the units digit of 617?
7
What is the hundreds digit of 804?
8
What is the tens digit of 1011?
1
What is the tens digit of 1070?
7
What is the tens digit of 26496?
9
What is the hundreds digit of 16137?
1
What is the tens digit of 138968?
6
What is the thousands digit of 120027?
0
What is the units digit of 4765?
5
What is the hundreds digit of 7014?
0
What is the tens digit of 36513?
1
What is the hundreds digit of 341?
3
What is the units digit of 491?
1
What is the hundreds digit of 7629?
6
What is the thousands digit of 3808?
3
What is the tens digit of 12259?
5
What is the hundreds digit of 2735?
7
What is the tens digit of 7817?
1
What is the hundreds digit of 995?
9
What is the units digit of 5356?
6
What is the units digit of 31953?
3
What is the thousands digit of 3014?
3
What is the ten thousands digit of 13852?
1
What is the tens digit of 1936?
3
What is the ten thousands digit of 31218?
3
What is the tens digit of 17694?
9
What is the units digit of 6606?
6
What is the units digit of 1269?
9
What is the tens digit of 87460?
6
What is the thousands digit of 36428?
6
What is the thousands digit of 14423?
4
What is the tens digit of 53547?
4
What is the units digit of 2007?
7
What is the tens digit of 675?
7
What is the tens digit of 456?
5
What is the ten thousands digit of 21040?
2
What is the ten thousands digit of 15156?
1
What is the hundreds digit of 11989?
9
What is the units digit of 1923?
3
What is the thousands digit of 3640?
3
What is the thousands digit of 27371?
7
What is the tens digit of 338?
3
What is the hundreds digit of 390?
3
What is the tens digit of 2378?
7
What is the tens digit of 16343?
4
What is the thousands digit of 3887?
3
What is the hundreds digit of 6165?
1
What is the hundreds digit of 1297?
2
What is the hundreds digit of 1639?
6
What is the tens digit of 136679?
7
What is the thousands digit of 24379?
4
What is the tens digit of 552?
5
What is the hundreds digit of 9969?
9
What is the tens digit of 2620?
2
What is the units digit of 14664?
4
What is the units digit of 375?
5
What is the thousands digit of 1224?
1
What is the units digit of 3823?
3
What is the hundreds digit of 7112?
1
What is the hundreds digit of 1253?
2
What is the units digit of 9295?
5
What is the hundreds digit of 1513?
5
What is the thousands digit of 3130?
3
What is the hundreds digit of 4537?
5
What is the units digit of 5023?
3
What is the tens digit of 554?
5
What is the tens digit of 7719?
1
What is the tens digit of 1735?
3
What is the thousands digit of 43836?
3
What is the units digit of 576?
6
What is the tens digit of 1295?
9
What is the hundreds digit of 146?
1
What is the units digit of 2078?
8
What is the units digit of 18604?
4
What is the ten thousands digit of 23144?
2
What is the tens digit of 10488?
8
What is the tens digit of 614?
1
What is the ten thousands digit of 37871?
3
What is the ten thousands digit of 85953?
8
What is the hundreds digit of 4566?
5
What is the units digit of 59395?
5
What is the tens digit of 108967?
6
What is the units digit of 1258?
8
What is the hundreds digit of 662?
6
What is the units digit of 838?
8
What is the ten thousands digit of 14627?
1
What is the tens digit of 7214?
1
What is the units digit of 678?
8
What is the ten thousands digit of 18282?
1
What is the hundred thousands digit of 105572?
1
What is the thousands digit of 2866?
2
What is the tens digit of 3743?
4
What is the units digit of 15919?
9
What is the hundreds digit of 705?
7
What is the tens digit of 2389?
8
What is the thousands digit of 1110?
1
What is the units digit of 394?
4
What is the hundreds digit of 17617?
6
What is the units digit of 1518?
8
What is the thousands digit of 53928?
3
What is the units digit of 15692?
2
What is the tens digit of 860?
6
What is the units digit of 372?
2
What is the hundreds digit of 551?
5
What is the units digit of 121170?
0
What is the units digit of 3001?
1
What is the thousands digit of 1869?
1
What is the thousands digit of 23155?
3
What is the thousands digit of 57608?
7
What is the thousands digit of 4148?
4
What is the units digit of 9600?
0
What is the tens digit of 103690?
9
What is the tens digit of 2869?
6
What is the thousands digit of 10187?
0
What is the tens digit of 6206?
0
What is the hundreds digit of 463?
4
What is the units digit of 1071?
1
What is the tens digit of 2265?
6
What is the tens digit of 29?
2
What is the tens digit of 3643?
4
What is the tens digit of 76728?
2
What is the thousands digit of 2834?
2
What is the ten thousands digit of 83898?
8
What is the hundreds digit of 1473?
4
What is the ten thousands digit of 31098?
3
What is the tens digit of 54133?
3
What is the units digit of 3634?
4
What is the thousands digit of 5357?
5
What is the tens digit of 25784?
8
What is the hundreds digit of 165?
1
What is the thousands digit of 5536?
5
What is the thousands digit of 6030?
6
What is the tens digit of 664?
6
What is the units digit of 378?
8
What is the hundreds digit of 123830?
8
What is the tens digit of 5765?
6
What is the units digit of 3218?
8
What is the units digit of 94039?
9
What is the thousands digit of 2672?
2
What is the tens digit of 446?
4
What is the units digit of 95965?
5
What is the hundreds digit of 465?
4
What is the units digit of 500?
0
What is the hundreds digit of 37183?
1
What is the units digit of 257?
7
What is the hundreds digit of 1726?
7
What is the tens digit of 7491?
9
What is the hundreds digit of 462?
4
What is the ten thousands digit of 49031?
4
What is the tens digit of 32?
3
What is the hundreds digit of 2080?
0
What is the hundreds digit of 565?
5
What is the ten thousands digit of 14981?
1
What is the ten thousands digit of 14994?
1
What is the ten thousands digit of 49425?
4
What is the hundreds digit of 24377?
3
What is the tens digit of 2964?
6
What is the thousands digit of 2520?
2
What is the thousands digit of 8734?
8
What is the thousands digit of 3025?
3
What is the hundreds digit of 35582?
5
What is the hundreds digit of 27136?
1
What is the tens digit of 4424?
2
What is the hundred thousands digit of 184035?
1
What is the hundreds digit of 9874?
8
What is the hundreds digit of 1022?
0
What is the thousands digit of 47621?
7
What is the hundreds digit of 528?
5
What is the units digit of 14741?
1
What is the ten thousands digit of 72928?
7
What is the hundreds digit of 79802?
8
What is the ten thousands digit of 29794?
2
What is the thousands digit of 40715?
0
What is the hundreds digit of 3653?
6
What is the units digit of 1205?
5
What is the thousands digit of 7263?
7
What is the hundreds digit of 2694?
6
What is the hundreds digit of 27625?
6
What is the units digit of 21001?
1
What is the hundreds digit of 37602?
6
What is the tens digit of 96426?
2
What is the units digit of 1605?
5
What is the units digit of 677?
7
What is the tens digit of 161675?
7
What is the units digit of 4306?
6
What is the thousands digit of 7597?
7
What is the tens digit of 1452?
5
What is the hundreds digit of 1919?
9
What is the thousands digit of 4090?
4
What is the tens digit of 8337?
3
What is the hundreds digit of 15556?
5
What is the hundreds digit of 2583?
5
What is the units digit of 97?
7
What is the tens digit of 537?
3
What is the units digit of 1597?
7
What is the tens digit of 79555?
5
What is t